n w is divided by 21.
19
Suppose 0 = 2*u - 4. What is the remainder when u is divided by 2?
0
Let q = 6 - 2. Suppose 0 = -4*v + 238 - 18. Suppose -5*m + 0*m + v = 0. Calculate the remainder when m is divided by q.
3
Let r(n) = -2*n - 10. Let v be r(-6). Suppose 2*j = 3*w + 57, 0*j - 5*j + 95 = v*w. Calculate the remainder when j is divided by 8.
5
Let p be 1 - (2 - (3 + 1)). Calculate the remainder when -3 + 9/(-3) + 35 is divided by 45/p + (1 - 1).
14
Suppose 110*q = 113*q, -4*c + q + 28 = 0. Let y = 22 - -1. Calculate the remainder when y is divided by c.
2
Let n = 75 + -42. Suppose 4*h + 4*j - 303 = h, 5*h - 5*j - 470 = 0. Calculate the remainder when h is divided by n.
31
Let m(v) = 13 - 11*v + 2*v**2 - 3*v**2 - 2*v**2 + 4*v**2. Suppose 0 = 5*f - 13 - 7. Calculate the remainder when f is divided by m(10).
1
Let m = 98 + -62. Calculate the remainder when m is divided by 8.
4
Let o be (-2)/4 - (-82)/4. Suppose 0 = 7*q - 2*q - o. Suppose 0*b - q*b = -16. Calculate the remainder when 10 is divided by b.
2
Let n = 112 + 22. Suppose 2*k - 159 = w - 40, -2*k = -4*w - n. Let c(m) = m**2 - m - 5. What is the remainder when k is divided by c(-4)?
12
Suppose -3*l - l = -16. Calculate the remainder when 13 is divided by l.
1
Suppose -5*z - 3*l - 61 + 279 = 0, l = z - 50. What is the remainder when z is divided by 24?
22
Let q(j) = j**2 + 3*j - 13. What is the remainder when 53 is divided by q(5)?
26
Suppose 0*i + 5*m - 29 = -i, -3*m - 3 = 0. Calculate the remainder when 133 is divided by i.
31
Suppose -g + 30 = -3*d, -2*g - 3*g = -5*d - 160. Calculate the remainder when 230 is divided by g.
32
Let b = -6 - -12. What is the remainder when b is divided by (-3*(-6)/(-3))/(6/(-4))?
2
Let n(v) = v**2 - v - 5. Suppose -3*t + 0*x + 2*x + 19 = 0, -2*t = -4*x - 18. What is the remainder when 29 is divided by n(t)?
14
Calculate the remainder when 18/45 - (-86)/10 is divided by 4.
1
Let l = 172 + -121. What is the remainder when l is divided by 13?
12
Suppose 3*z = -5*b + 4*z + 40, 17 = 3*b - 2*z. Let p = -1 + b. What is the remainder when 22 is divided by p?
6
Let r(b) = -b**3 + 4*b**2 + 4*b + 8. Calculate the remainder when 84 is divided by r(4).
12
Let b = 137 + -74. Let a = -6 + 22. What is the remainder when b is divided by a?
15
Suppose -14 = 2*v - 4*v + 4*z, z = 1. Calculate the remainder when 10 is divided by v.
1
Suppose -7*d = -3*d - 32. What is the remainder when 31 is divided by d?
7
Let i(k) = k**2 + 7*k + 8. Calculate the remainder when i(-8) is divided by 6.
4
Let q(j) = -j**3 - 9*j**2 - 8*j + 5. Let c be q(-8). Suppose 0 = -0*w + w - 4*a - 45, -4*a + 105 = c*w. What is the remainder when w is divided by 9?
7
Let r = 192 - 161. What is the remainder when 89 is divided by r?
27
Let v be (-30)/4*(-2)/3. Suppose -82 = -4*w - j - 4*j, 102 = 4*w - v*j. Suppose -2*u + 0*u + 24 = 0. Calculate the remainder when w is divided by u.
11
Let o = 14 - 4. Let i be (-10)/3*6/(-4). Suppose -3*q = x + 2*x - 15, -23 = -3*q + i*x. Calculate the remainder when o is divided by q.
4
Let j = 3 + 15. What is the remainder when j is divided by 7?
4
Suppose -6*w + 73 + 77 = 0. Calculate the remainder when w is divided by 10.
5
Let k(y) = -y - 2. Let d be k(-2). Suppose d = -2*p - 2*x - 26 + 2, 0 = -2*x - 6. What is the remainder when -21*3/(p/2) is divided by 8?
6
Let v = -19 - -66. Let y be 5*2*3/6. Suppose -y*s + 64 = -s. What is the remainder when v is divided by s?
15
Let u(h) = -h**3 + 9*h**2 - 8*h - 16. What is the remainder when 51 is divided by u(7)?
25
Let v(r) = -15*r**3 - 2*r**2 + r. Suppose -3*q - 3 = -6. Let x be v(q). Calculate the remainder when (-284)/x - (-2)/8 is divided by 10.
8
Let g be 11/(-2)*2 - 2. Let k = 18 + g. Suppose -4*s - 12 = -3*b + 2*b, -2*s - 18 = -2*b. What is the remainder when b is divided by k?
3
Let t be (-1 - (2 - 2))*2. Let j = -7 - t. Let c(i) = -10*i + 2. What is the remainder when c(j) is divided by 18?
16
Let j be 0/(-5)*(-1)/1. Suppose j = -3*i + 2*i + 4. What is the remainder when 6 is divided by i?
2
Let w(l) be the first derivative of -5*l**2/2 - 6*l - 2. What is the remainder when w(-4) is divided by 5?
4
Let i(k) = -k**3 - 2*k**2 - 3*k - 3. Let g be i(-2). Suppose -g = -l + 1. Suppose -l*d - 4*w + 34 = -2*w, 1 = -w. What is the remainder when 17 is divided by d?
8
Suppose 2*c - 16 = -v, -3*c + 5*v + 10 = -4*c. Calculate the remainder when 47 is divided by c.
7
Let y(x) = 57*x**2 - 2*x + 1. Calculate the remainder when y(1) is divided by 29.
27
Suppose -4*x + 0*x = -44. Calculate the remainder when 30 is divided by x.
8
What is the remainder when 3 - 1 - 1*-38 is divided by 22?
18
Suppose -127 - 98 = -5*j. Suppose -3*c - 4*b - j = b, 5*c + 75 = 4*b. Let d = 2 - c. What is the remainder when 66 is divided by d?
15
Suppose u - 223 = -4*o - 68, 4*u - 152 = -4*o. What is the remainder when o is divided by 2 + (1 - 1) + 8?
9
Suppose 3*p - 53 = 49. What is the remainder when p is divided by 9?
7
Let c be (-1)/5 - 111/(-5). Suppose -n = n - c. Let y(i) = -i**2 - 10*i + 3. What is the remainder when y(-8) is divided by n?
8
Let f(j) = 2*j**2 + 4*j + 12. Let q be f(-9). Suppose -110 = -7*r + 4*r - 4*w, -4*r - w = -q. Calculate the remainder when r is divided by 18.
16
What is the remainder when 40/4 + (-3 - 1) is divided by 4?
2
Suppose 0 = 4*m - 2*m, 0 = -3*x + 2*m + 24. Let p(q) be the first derivative of q**3 - q**2 - 2*q + 9. What is the remainder when p(-3) is divided by x?
7
Let f(a) = -a - 4. Suppose 2*b - 35 = 7*b. Calculate the remainder when f(b) is divided by 2.
1
Let g(y) = 3*y - 9. What is the remainder when 116 is divided by g(13)?
26
Let k(c) = -21*c**3 + 2*c + 1. Let p be k(-1). Suppose 2*i - 2 = i. Suppose -p - 14 = -3*a - 2*z, i*a + 5*z = 30. What is the remainder when 29 is divided by a?
9
Let q = -46 + 106. What is the remainder when q is divided by 16?
12
Let o(m) = 11*m + 4. Calculate the remainder when o(5) is divided by 21.
17
Suppose 48 + 180 = 4*x. What is the remainder when 341 is divided by x?
56
Let y = -8 - -9. Suppose l + y = 7. What is the remainder when 17 is divided by l?
5
Let a(x) = 2*x - 7. Let q(j) = j**2 - 7*j - 2. Let d be q(8). Let y = 29 + -20. What is the remainder when y is divided by a(d)?
4
Let p be (-3)/21 + (-108)/28. Let a = 7 + p. Calculate the remainder when 6 is divided by a.
0
Suppose 0 = 3*g + 2*g - 50. Suppose 4*i - 1 = b + 2*b, 5*i - 25 = -b. Calculate the remainder when g is divided by i.
2
Let j = 29 - 8. Calculate the remainder when 60 is divided by j.
18
Suppose 4*j - j + 26 = 2*o, -3*o = 3*j + 6. Let m(q) = q**2 - 2*q - 8. What is the remainder when m(j) is divided by 14?
12
Let n(t) = -t - 2 + 6 + 2*t. Let q be n(3). Suppose -o + 20 - q = 0. Calculate the remainder when 25 is divided by o.
12
Let m = -70 + 269. Suppose 4*p - 5*a - m = 0, -a + 3*a = 2. Calculate the remainder when p is divided by 37 + -38 + 27 + 0/(-1).
25
Calculate the remainder when 84 + (-2)/(5 + -3) is divided by 28.
27
Let d(c) = 2*c**2 + 2*c - 1. Let j be d(2). Suppose -b + 0*b = -j. What is the remainder when 31 is divided by b?
9
Suppose 0*o - 5*o + 32 = 4*j, -4*j = o - 16. Suppose l - 36 = -j*l. Let x = l + -2. Calculate the remainder when x is divided by 2.
1
Let i = -14 + 57. Suppose -4*m - t + i = -0*m, 4*m - t - 37 = 0. Suppose -4*x = -m - 10. What is the remainder when 8 is divided by x?
3
Let s(i) = i**3 + 10*i**2 - 13*i - 11. Suppose 2*w + 14 + 8 = 0. What is the remainder when 41 is divided by s(w)?
8
Suppose 3*a + 1 = 7. Suppose a*n = -83 + 405. Suppose -n = -5*s - 3*p - p, 3*s = p + 83. Calculate the remainder when s is divided by 15.
14
What is the remainder when (-2 - (-42 + -2)) + 1 is divided by 15?
13
Let w = 189 - 112. Calculate the remainder when w is divided by 26.
25
Suppose -138 = -3*j + 264. Let y = j + -78. Calculate the remainder when y is divided by 19.
18
Suppose -82 = -5*m + 488. What is the remainder when m is divided by 29?
27
Let z(s) = 4*s + 22. Calculate the remainder when 16 is divided by z(-4).
4
Let r(u) = -u**2 + u + 95. Suppose -z - 60 = -6*z. Calculate the remainder when z is divided by r(-9).
2
Let c = -13 - -39. Suppose -2*s = -f - 4*f + 43, -4*s = -4. What is the remainder when c is divided by f?
8
Let f(u) = 16*u - 1. Suppose 145 - 45 = 5*c. What is the